 = 0. Let d = j + -236. What is the highest common factor of d and 25?
25
Let k(h) = h. Let y be k(4). Let m(z) = z**3 - z + 2. Suppose 4*x + 7 + 5 = 4*w, 15 = -w - 5*x. Let r be m(w). What is the greatest common factor of y and r?
2
Suppose 0 = -4*a + 4*s + 40, 5*a + 2*s = 3*s + 46. What is the highest common factor of a and 5?
1
Let o(g) = 37*g**2 - 4*g. Let a be o(2). Suppose a = 6*r - 2*r. Calculate the greatest common divisor of 10 and r.
5
Let u = 1508 + -1333. Calculate the greatest common divisor of 595 and u.
35
Let c = 5 - 6. Let w be (c - 0)/(8/(-120)). Suppose z - 180 = -3*z. What is the highest common factor of z and w?
15
Let p(y) = -190*y + 47. Let r be p(-2). Calculate the highest common divisor of 122 and r.
61
Let r(w) = 23*w**2 + 9*w + 8. Let q be r(-1). Let b be (-3)/((-1)/(-2)*-3). Calculate the highest common factor of q and b.
2
Suppose -z + 4*m = -44, 2*m + 0*m + 8 = 0. What is the highest common divisor of 448 and z?
28
Suppose 10*s = 21 + 9. Suppose -2*i + s = -2*c - 3, -2*i = 2*c + 2. Suppose -4*b = -32 - 0. What is the greatest common divisor of i and b?
1
Let c(g) = 3*g**3 - 3*g**2 - 4*g - 3. Let y be c(-2). Suppose x = -3*x - 44. Let u = x - y. Calculate the highest common factor of 4 and u.
4
Let c = 224 + -129. Suppose -5*p + 53 = -42. Calculate the greatest common divisor of c and p.
19
Let d(y) = y**3 + 11*y**2 - 22*y - 12. Let p be d(-12). Suppose -q = 3*q - p. Calculate the highest common divisor of q and 18.
9
Let n = 73 - 69. Suppose 0 = -n*d + 2*x + 961 + 77, -3*d + 5*x + 768 = 0. Calculate the greatest common factor of d and 29.
29
Suppose 0 = 3*v - 5 + 2, 4*v - 46 = -3*s. Calculate the highest common factor of 378 and s.
14
Let b = 1141 + -745. Calculate the greatest common factor of 9 and b.
9
Let m(x) = -2*x**2 - 3*x - 4. Let i be m(-4). Let b = i + 28. What is the greatest common factor of 2 and b?
2
Let z = -478 + 550. Calculate the highest common divisor of 16 and z.
8
Let t = -54 - -62. What is the greatest common factor of t and 1?
1
Let c = 846 - -281. Calculate the greatest common factor of c and 23.
23
Suppose 0 = 13*w - 192 + 36. What is the greatest common divisor of w and 78?
6
Suppose 0*s - 2*d + 2 = -s, 2*s - 28 = -4*d. Let r be (168/(-18))/(0 + s/(-9)). What is the greatest common divisor of r and 28?
14
Let t be 24/9 + -1 + (-2)/(-6). Calculate the highest common divisor of t and 13.
1
Let x be (76/114)/(2/255). What is the greatest common factor of x and 25?
5
Suppose 0 = -c, 3*c = 3*g - 28 - 35. Suppose i = -1, 5*p - i = 2*i + 73. Calculate the greatest common divisor of p and g.
7
Suppose 0 = -9*m + 3*m + 42. What is the greatest common divisor of m and 35?
7
Let c(k) = -15*k + 2. Let y be c(-4). Suppose 65*l = y*l + 60. What is the greatest common factor of l and 220?
20
Let t(a) = 2*a**2 - 7*a + 5. Let g be t(4). Let p(z) = -z**2 - 27*z + 379. Let k be p(10). What is the greatest common divisor of g and k?
9
Let z = -4 + 4. Suppose -36 = -2*g + 144. Let y be (3 + z)*g/27. Calculate the greatest common factor of 50 and y.
10
Let v(k) = 10*k - 9. Suppose 4 = -3*i + 16. Let w be v(i). Let u = w + -21. What is the highest common divisor of u and 2?
2
Let w = -337 + 577. Let f be 5/3*(-144)/(-10). Calculate the greatest common factor of w and f.
24
Let l(m) = -2*m**3 + 34*m**2 + 3*m - 14. Let h be l(17). Calculate the greatest common factor of 259 and h.
37
Let m be (-10)/35 - (-968)/154. Calculate the greatest common divisor of m and 98.
2
Let c be (85 - -2)*12/(-9). Let z be (3/(-2))/(6/c) - 1. Let w = -349 + 657. Calculate the highest common factor of w and z.
28
Let z = 7 - -71. Let o be ((810/(-25))/9)/((-3)/5). What is the greatest common divisor of z and o?
6
Let p(b) = -2*b + 32. Let m be p(7). Calculate the highest common divisor of m and 477.
9
Suppose 3*q - 3*j - 66 = 168, q = 4*j + 66. Let p = q - 30. Let u be (-2 - (-33)/(-3))*-1. What is the greatest common factor of u and p?
13
Suppose 5*d - 6 = 2*h + h, -4*d = -h - 9. Let r be 6/2 - (11 + 12). Let j be (-58)/(-10) + (-4)/r. Calculate the highest common divisor of j and h.
3
Let u(b) = -b - 3. Let k be u(6). Let m be (-495)/(-54) + k + (-233)/(-6). Calculate the highest common divisor of 3 and m.
3
Let f(t) = 71*t - 7. Suppose -z + 2 = -2*n, -2*z + 6*n - 5*n = -4. Let s be f(z). Calculate the greatest common divisor of 27 and s.
27
Let a(u) be the second derivative of -u**3/3 + 11*u**2 - 2*u. Let k be a(-16). Calculate the highest common factor of 6 and k.
6
Let a(g) = 39*g**2 + 47*g + 6. Let t be a(2). Calculate the highest common divisor of 208 and t.
16
Let o = -5 + 11. Suppose -19 - 29 = -v. Calculate the greatest common divisor of v and o.
6
Let c be (39 + 1)*6/12. Let x be (-15)/c*12*-4. Suppose 72 = -2*s + 5*s. Calculate the highest common factor of x and s.
12
Let v = -13 + 22. Suppose -89 = -5*f - v. Calculate the highest common factor of 96 and f.
16
Let d be 196/9 - 10/(-45). What is the greatest common factor of 2 and d?
2
Suppose -88*z + 336 = -60*z. Calculate the highest common factor of z and 12.
12
Let d(u) = -u**3 + 4*u**2 + 5*u - 5. Let a be d(5). Let f = 8 + a. Let i = -206 - -209. Calculate the greatest common factor of f and i.
3
Suppose 4*o = -0*o - 2*w + 34, -2*o + 19 = -w. Suppose b = g + 1, o + 3 = 4*g. Let h be 13 + (-18)/(0 - -6). Calculate the greatest common divisor of h and b.
2
Suppose -20 = 4*x, -x - 2*x - 35 = -2*y. Let p(h) = -h**3 + 11*h**2 + 11*h - 1. Let j be p(y). What is the greatest common divisor of j and 19?
19
Suppose 3 = -3*o + 9. Let x = -195 - -209. Calculate the highest common factor of x and o.
2
Let z be (-20)/((-9)/(-81)*-6). What is the greatest common divisor of 228 and z?
6
Let q be 18/(-36) - ((-161)/(-2) - 0). Let i = -67 - q. What is the highest common factor of 7 and i?
7
Let v = -270 + 288. Let j be 7/21 + (-26)/(-3). Calculate the highest common divisor of v and j.
9
Let k = -815 + 844. Calculate the highest common factor of 1073 and k.
29
Suppose -57 = 16*t - 105. Calculate the greatest common divisor of 33 and t.
3
Suppose 1 = -2*m + 3. Let a be (9 - m)/((-24)/(-36)). Let z(w) = w**2 - 12*w + 10. Let i be z(a). Calculate the greatest common factor of 5 and i.
5
Let z = -234 + 419. Let g = -2651 - -2688. Calculate the greatest common factor of z and g.
37
Let w(t) = 2*t**2 + 18*t - 44. Let b be w(-14). Calculate the highest common divisor of 24 and b.
24
Let y(g) = -6*g - 2. Let c be y(-4). Suppose 4*b - 484 = 804. Let j = -124 + b. What is the highest common divisor of c and j?
22
Let m = -16 + 20. Suppose -3 = u + b - 2*b, b = 5. Calculate the greatest common divisor of u and m.
2
Suppose 15 = 2*k - 7*k. Let g = -155 + 171. Let r = g + k. Calculate the greatest common divisor of r and 91.
13
Let c(z) = 17*z + 375. Let r be c(7). What is the greatest common factor of r and 26?
26
Let z(k) = k**2 + 2*k + 3. Let l be z(-2). Suppose 6*q - 89 = l*q + 4*t, t - 18 = -q. Let r = q + -2. What is the greatest common divisor of 14 and r?
7
Let c be (-180)/(-25) - (-24)/(-20). Calculate the highest common divisor of 162 and c.
6
Suppose 6*m + 11 = 7*m. Suppose 7*t - m*t = -20. Suppose 2*n - 4*p = 16, -3*n + 22 = -0*n - t*p. What is the highest common divisor of 44 and n?
4
Suppose -n - 3*f = -22, 0*f - 3*f = -15. Let y(j) = j**2 - 5*j + 8. Let g be y(n). Let v = -15 + g. What is the greatest common factor of 1 and v?
1
Let h be (-20)/(1/3*78/(-52)). Calculate the greatest common factor of h and 1760.
40
Let b be 11/2 + (-1)/2. Suppose 4*s + b*x - 1359 = 0, -540 = -s - 3*x - 202. What is the highest common factor of 31 and s?
31
Let i = -19 + 26. Let n = i + 6. What is the highest common divisor of 39 and n?
13
Let i(u) = 33*u + 2. Let w be i(1). Let r = -16 + w. Calculate the highest common divisor of 19 and r.
19
Suppose l - 2*l + 32 = -b, 4*l = b + 116. Suppose -l = -3*c + 32. Suppose 4*h - c = 2*h. Calculate the highest common factor of 50 and h.
10
Suppose -5*i + b = -65, 23 = 4*i - 2*b + 7*b. Let n(s) = 2 + 35*s + 14 + 74*s + 7. Let d be n(1). Calculate the highest common divisor of i and d.
12
Suppose -3*m = 2*m - 450. Calculate the highest common divisor of 18 and m.
18
Suppose 0*t + t - 5 = 0. Suppose -3*x + t = -1. Let r be ((-6)/4)/((-3)/x). What is the grea